{"id":7334,"date":"2024-11-13T14:53:59","date_gmt":"2024-11-13T21:53:59","guid":{"rendered":"https:\/\/upes.edu.mx\/radio\/?page_id=7334"},"modified":"2025-07-14T09:05:40","modified_gmt":"2025-07-14T16:05:40","slug":"actas-del-consejo-ciudadano","status":"publish","type":"page","link":"https:\/\/upes.edu.mx\/radio\/?page_id=7334","title":{"rendered":"Actas del Consejo Ciudadano"},"content":{"rendered":"<p><\/p>\n<ul>\n<li><a rel=\"noreferrer noopener\" href=\"https:\/\/drive.google.com\/file\/d\/1HYhtoVU9p2TGveGbmWVgf_hpmqQZGciv\/view?usp=sharing\" target=\"_blank\">Acta de Sesi\u00f3n Ordinaria del Consejo Ciudadano de Radio UPES<\/a><\/li>\n<li><a rel=\"noreferrer noopener\" href=\"https:\/\/drive.google.com\/file\/d\/196_De5xE3CYbmBqHHsHM7Od_e5J3Afko\/view?usp=drive_link\" target=\"_blank\">Acta Segunda Sesi\u00f3n Consejo Ciudadano BIS<\/a><\/li>\n<li><a rel=\"noreferrer noopener\" href=\"https:\/\/drive.google.com\/file\/d\/1aARuojsRpR83PvCFreojcxMg5vCcVk2s\/view?usp=drive_link\" target=\"_blank\">Acta de la tercera sesi\u00f3n ordinaria del Consejo Ciudadano<\/a><\/li>\n<li><a rel=\"noreferrer noopener\" href=\"https:\/\/drive.google.com\/file\/d\/1_v06Xt_helXKRYsS5a4aSZh8ul6joNK5\/view?usp=sharing\" target=\"_blank\">Acta de la Cuarta Sesi\u00f3n Ordinaria del Consejo Ciudadano Radio UPES<\/a><\/li>\n<li><a rel=\"noreferrer noopener\" href=\"https:\/\/drive.google.com\/file\/d\/1s9rPm5tPtcrTGNeaEYU-LrslI2lR3E07\/view?usp=sharing\" target=\"_blank\">Acta de la Quinta Sesi\u00f3n Ordinaria del Consejo Ciudadano de Radio UPES<\/a><\/li>\n<li><a href=\"https:\/\/drive.google.com\/file\/d\/1FyMnxFsY6nEeEjOS5JutL0MCDfj1RsbN\/view?usp=drive_link\">Acta de la Sexta Sesi\u00f3n Ordinaria del Consejo Ciuda<\/a><a rel=\"noreferrer noopener\" href=\"https:\/\/drive.google.com\/file\/d\/1FyMnxFsY6nEeEjOS5JutL0MCDfj1RsbN\/view?usp=drive_link\" target=\"_blank\">d<\/a><a href=\"https:\/\/drive.google.com\/file\/d\/1FyMnxFsY6nEeEjOS5JutL0MCDfj1RsbN\/view?usp=drive_link\">ano de Radio UPES<\/a><\/li>\n<li><a href=\"https:\/\/drive.google.com\/file\/d\/1a-2FxWFB2WKIp37TR3cZauvhtVLNYfwx\/view?usp=drive_link\">Acta de la S\u00e9ptima Sesi\u00f3n Ordinaria del Consejo Ciudadano de Radio UPES<\/a><\/li>\n<li><a href=\"https:\/\/drive.google.com\/file\/d\/18a-95xyvVU-Z6Jger1vhib2gX7ocCMKz\/view?usp=drive_link\">Acta de la Octava Sesi\u00f3n Ordinaria del Consejo Ciudadano de Radio UPES<\/a><\/li>\n<li><a href=\"https:\/\/drive.google.com\/file\/d\/1ggcTG0SjuiqX4XvUR7Clap0DmuMHDh2v\/view?usp=drive_link\">Acta de la Novena Sesi\u00f3n Ordinaria del Consejo Ciuda<\/a><a rel=\"noreferrer noopener\" href=\"https:\/\/drive.google.com\/file\/d\/1FyMnxFsY6nEeEjOS5JutL0MCDfj1RsbN\/view?usp=drive_link\" target=\"_blank\">d<\/a><a href=\"https:\/\/drive.google.com\/file\/d\/1FyMnxFsY6nEeEjOS5JutL0MCDfj1RsbN\/view?usp=drive_link\">ano de Radio UPES<\/a><\/li>\n<\/ul>\n<p><\/p>\n<p><\/p>\n<p><\/p>\n","protected":false},"excerpt":{"rendered":"<p>Acta de Sesi\u00f3n Ordinaria del Consejo Ciudadano de Radio UPESActa Segunda Sesi\u00f3n Consejo Ciudadano BISActa de la tercera sesi\u00f3n ordinaria del Consejo CiudadanoActa de la Cuarta Sesi\u00f3n Ordinaria del Consejo Ciudadano Radio UPESActa de la Quinta Sesi\u00f3n Ordinaria del Consejo Ciudadano de Radio UPESActa de la Sexta Sesi\u00f3n Ordinaria del Consejo Ciudadano de Radio UPESActa [&hellip;]<\/p>\n","protected":false},"author":1,"featured_media":0,"parent":0,"menu_order":0,"comment_status":"closed","ping_status":"closed","template":"","meta":[],"_links":{"self":[{"href":"https:\/\/upes.edu.mx\/radio\/index.php?rest_route=\/wp\/v2\/pages\/7334"}],"collection":[{"href":"https:\/\/upes.edu.mx\/radio\/index.php?rest_route=\/wp\/v2\/pages"}],"about":[{"href":"https:\/\/upes.edu.mx\/radio\/index.php?rest_route=\/wp\/v2\/types\/page"}],"author":[{"embeddable":true,"href":"https:\/\/upes.edu.mx\/radio\/index.php?rest_route=\/wp\/v2\/users\/1"}],"replies":[{"embeddable":true,"href":"https:\/\/upes.edu.mx\/radio\/index.php?rest_route=%2Fwp%2Fv2%2Fcomments&post=7334"}],"version-history":[{"count":10,"href":"https:\/\/upes.edu.mx\/radio\/index.php?rest_route=\/wp\/v2\/pages\/7334\/revisions"}],"predecessor-version":[{"id":7740,"href":"https:\/\/upes.edu.mx\/radio\/index.php?rest_route=\/wp\/v2\/pages\/7334\/revisions\/7740"}],"wp:attachment":[{"href":"https:\/\/upes.edu.mx\/radio\/index.php?rest_route=%2Fwp%2Fv2%2Fmedia&parent=7334"}],"curies":[{"name":"wp","href":"https:\/\/api.w.org\/{rel}","templated":true}]}}